2 = 118*g - 113*g, 2*g = 4*i + 8. Calculate n(g).
-3
Let i(v) = -2*v**3 + 18*v**2 + 20*v + 21. Let y(h) = -h**3 + 9*h**2 + 10*h + 11. Let l(c) = -6*i(c) + 11*y(c). Let x = 267049 - 267039. Calculate l(x).
-5
Let z(y) = -y**3 + 4*y**2 + 5*y + 6. Let u(q) = q + 9. Let n be u(0). Let g = 14 - n. Give z(g).
6
Suppose 0 = 2*c - 0*c + 6. Let q(u) = -3*u**2 - 6*u + 3. Suppose -75*g = -69*g + 24. Let w(p) = 2*p**2 + 5*p - 2. Let n(s) = g*w(s) - 3*q(s). What is n(c)?
14
Let w(v) = -10*v - 3*v - v**3 + 52*v**2 + 3*v + 57*v**2 + 2 - 115*v**2. What is w(-5)?
27
Suppose 229*h = 226*h - 3*o, 3*h + o + 14 = 0. Let j(s) = -2*s**3 - 16*s**2 - 10*s + 8. Determine j(h).
-20
Let b(i) = -i**2 - 10*i + 11. Let x be -116 + (-1 + 2)*-2. Let k(m) = -40*m**2 + 22*m - 13. Let g be k(2). Let u = g - x. What is b(u)?
0
Suppose 0 = 2*z + 465*n - 466*n + 80, -2*n - 184 = 4*z. Let i(o) = -2*o - 87. Calculate i(z).
-1
Let a = -3887 - -3878. Let b(n) = n**3 + 8*n**2 - 6*n + 12. What is b(a)?
-15
Let z(p) = -20842*p - 2 - p**3 - 1 + 5*p**2 + 20849*p + 4 + 0. What is z(7)?
-48
Suppose -480 = 16*y - 20*y. Let v be (4/5)/(2/y). Let g = v + -49. Let z(t) = -13*t. Give z(g).
13
Let p(h) = h**2 + 2*h + 1. Let d(w) = -w**3 + 9*w**2 + 283*w - 33. Let s(i) = -d(i) - 3*p(i). Let z be s(24). Let t(b) = -b**3 + 5*b**2 + 5*b - 2. What is t(z)?
-8
Let t = -20693 + 20694. Let a(w) = 97*w**2 - 7*w + 7. Calculate a(t).
97
Let y = 522 + -520. Let a(b) = -62*b + 13*b - y + 53*b. What is a(-7)?
-30
Let o = 10 + -14. Let x(c) = 13*c. Suppose 0 = 16*b - 137 + 217. Let l(p) = -72*p. Let i(s) = b*l(s) - 28*x(s). Determine i(o).
16
Let h(l) = -3*l - 76 + 42 + 49. Suppose 197*g + 80 = 393*g - 180*g. Calculate h(g).
0
Let u(p) be the second derivative of -p**4/12 - 11*p**3/6 + 5*p**2 - 2*p + 200. Determine u(-12).
-2
Let b(w) be the first derivative of -2*w**3/3 + 50*w**2 - 204*w - 9008. Determine b(48).
-12
Let s(k) = 236 + 237 - 474 + 63*k. Let n(w) = -29*w. Let y(i) = -13*n(i) - 6*s(i). What is y(4)?
2
Let c(f) = 21*f + 41. Let x(i) = -7*i - 14. Let d(t) = 4*c(t) + 11*x(t). Let b(m) = 15*m + 22. Let r(u) = 6*b(u) - 13*d(u). Suppose -y + 0 = -5. Determine r(y).
-3
Suppose -4*f + 0*f = -20. Let m(r) = -r + 6. Let w(q) = q**2 - 5*q - 7. Let g(p) = -m(p) - w(p). Give g(f).
6
Suppose -3*l = 4*q - 33, 62*l - 57*l = q + 32. Let x(y) = -y**3 + 3*y**2 + 3*y + 1. What is x(q)?
10
Let u be 3 - (0 + -1 - 0). Let c(l) be the first derivative of 2*l**3/3 - l**2/2 + 4*l + 6631. Give c(u).
32
Suppose -155*x = -117*x - 235 - 145. Let s(t) = 12 + 0*t - 3*t + 2*t. Give s(x).
2
Let y = 347 - 323. Suppose 3*l - 3*m = -0*m - y, -3*l - 21 = -2*m. Let x(w) = 3*w + 11. What is x(l)?
-4
Let q(v) = -2*v - 2. Let n be q(-9). Let m(d) = 0*d + 15 - n + d. Let s(t) = -10*t + 154. Let w be s(16). Calculate m(w).
-7
Let p(m) = -15*m - 1. Let o be (0 - -3) + -3 + 5/5. Let r be (-1)/4 - (o + (-85)/20). Suppose 0 = -r*u - 0 - 3. Calculate p(u).
14
Let i(y) = -1 + y**2 + 2*y - 2*y + 2*y. Let x(h) = -406*h + 155095. Let z be x(382). Determine i(z).
14
Let u be 8/(-10)*(-4 - -9). Let p(n) = 9*n - 11*n + 3*n. Let g(b) = -3*b - 4. Let c(h) = g(h) + 2*p(h). Calculate c(u).
0
Let p(f) = -f**2 - 42*f - 2. Let d(i) = 2*i**2 + 127*i + 36. Let b(h) = d(h) + 3*p(h). Calculate b(-9).
-60
Let o be 3 + (0 - (1 - 0)). Let w(s) = s**3 + 3*s**2 - 33*s + 30. Let y be w(7). Let q(b) = 288*b + 0*b**2 - 2*b**o - y*b + 3*b**2 + 1. Determine q(3).
7
Let d(v) = 10*v - 6. Let q = -7003 - -7003. Give d(q).
-6
Let x(l) = -l**2 + 5*l + 6. Let h(z) = -z + 11. Let b(d) = 3*d + 3. Let v be b(-3). Let p be 1*((-10)/(-6))/((-2)/v). Let k be h(p). What is x(k)?
0
Let y(c) = c**3 + 3*c**2 - 15*c - 18. Suppose 0 = -r + 5*m - 25, 2567 = 4*m + 2551. What is y(r)?
7
Let k(r) = r + 2. Let p be (378/210)/(6/(-20)). Let q be ((-188)/(-20) - 10)/(p/20). What is k(q)?
4
Let d = 5280 + -5282. Let u(b) = -2*b**3 + 2*b**2 + 4*b + 6. Determine u(d).
22
Let m(l) = 542 + 2*l + 438 - 936. Calculate m(-22).
0
Let m(h) = -h**3 + 4*h**2 + 5*h + 6. Let t(o) = 5*o**2 - 10 + 27*o - 13 + 0*o**2 - 4*o**2. Let u be t(-28). What is m(u)?
6
Let t(j) = -j**2 - 10*j - 14. Suppose -10*v - 100 = -10. Give t(v).
-5
Suppose -4 = -2*q - 0*q, 0 = -3*z - 5*q + 19. Suppose -z*a + 17 = 4*b, -13*b + 9*b = -4*a + 4. Let w(v) = v**2 - 4*v + 1. Calculate w(b).
-3
Let b(c) = 20*c - 40. Let k(d) = d**3 - 51*d**2 + 269*d + 9. Let r be k(6). Give b(r).
20
Let q be (59*6/(-21) + 2/(-14))*1. Let z(y) = 10*y + 161. Give z(q).
-9
Let p be -1*(-101 - ((-4 - 2) + 2)). Let f(u) = -p + 53 + 46 - u**2. Let k be 5 + -2 + (-24)/4. Calculate f(k).
-7
Let z(k) be the first derivative of k**3/3 - 11*k**2/2 + k + 6890. What is z(11)?
1
Let n(l) = -10*l. Let v = 69 + -81. Let a(h) = -h**2 - 10*h + 26. Let i be a(v). Suppose -10*w - i = 8. Determine n(w).
10
Let q(z) = -100*z - 19. Let y(f) = 17*f. Let n(x) = q(x) + 6*y(x). Give n(6).
-7
Let n(t) = -t**2 - 54*t + 12. Let k(l) = l**2 + 45*l - 10. Let y(i) = 6*k(i) + 5*n(i). Suppose -3*f = -0*f + 12. Determine y(f).
16
Let h(g) = 23*g + 86. Let z be h(-4). Let u(t) = t**2 + 8*t + 7. What is u(z)?
-5
Let g(n) = -8*n**2 + 47*n - 58. Let i(x) = -23*x**2 + 140*x - 173. Let w(z) = -17*g(z) + 6*i(z). Let a be w(19). Let j(m) = m**3 - 7*m**2 + 4. Give j(a).
-46
Let w(o) be the third derivative of -5*o**4/24 - o**3/6 + 98*o**2. Let f(a) = -11*a - 4. Let j(k) = -6*f(k) + 13*w(k). Calculate j(-5).
6
Let z = -150 + 291. Let t(s) = -7 + z*s - 274*s + 134*s. Calculate t(10).
3
Let m(w) = -w. Let p be m(-4). Suppose p*k + k + 20 = -b, 5*b + 20 = -5*k. Let q(r) = -5*r**2 + 0*r**2 + 86 - 84 + 3*r**2 + 3*r**2. What is q(b)?
2
Let q(k) = -7*k**3 - 27*k**2 - 85*k + 139. Let i(h) = -h**3 - 4*h**2 - 12*h + 19. Let w(p) = -15*i(p) + 2*q(p). Determine w(-5).
-32
Let w(z) be the first derivative of -z**5/20 + z**4/2 - z**3/2 + z**2 + 42*z - 1. Let i(h) be the first derivative of w(h). Give i(5).
12
Let v(t) = -2*t - 2. Suppose -5*d - 4*k - 752 = 327, 3*k - 857 = 4*d. Let a = d + 218. What is v(a)?
-8
Let o(y) be the second derivative of -y**4/12 + 13*y**3/3 + 75*y**2/2 - 584*y - 5. Give o(28).
19
Let j = -244 - -251. Let r(b) = -2*b - 1 + 12*b - 2*b - j*b. Determine r(-2).
-3
Let n = -21340 + 21326. Let f(k) = -40*k - 565. Determine f(n).
-5
Let f(k) = 5*k + 184. Suppose -1981 + 4484 + 1657 = -130*c. Give f(c).
24
Let s = 569 + -556. Let f(m) = 10*m + s*m - 22*m + 3 - 5 - 3. Give f(6).
1
Let p(f) be the second derivative of f**3/2 - f**2/2 + 7*f. Let i(y) = -35*y + 4. Let w(r) = i(r) + 5*p(r). What is w(-1)?
19
Let j be 322/(-5) - (-1 + 9/15). Let d(u) = -11*u + 27. Let a be d(8). Let y = a - j. Let m(c) = -c**3 + 4*c**2 - c + 2. What is m(y)?
8
Let r(m) = -26*m**2 - 14*m - 17. Let t(h) = 29*h**2 + 15*h + 19. Let k(g) = -9*r(g) - 8*t(g). Let j be -1 - (2/(-4) + 42/12). Calculate k(j).
9
Let n(f) be the first derivative of 0*f - 1/20*f**5 - 5 - 13/3*f**3 + 0*f**2 + 1/8*f**4. Let u(p) be the third derivative of n(p). Determine u(2).
-9
Let j(q) = q**2 + 2*q + 1. Suppose 3*p = 4*p + 12. Let m be (0 + 3/p)/(11/(-132)). Determine j(m).
16
Let p(r) be the first derivative of -r**3/3 - 11*r + 4. Suppose 0 = -6*y - 140 + 116. Let d be (4 + y)*(13/(-2) + 6). What is p(d)?
-11
Let s(m) = -2*m + 1. Suppose -5*y = o + 19 - 4, -4*y = -4*o + 12. Let b be y/((-6)/(-1))*(-1 + 1). Suppose -3*v = -2*i - 14, i + 17 = 4*v - b*v. Give s(i).
3
Let l(t) = -20*t**2 + 103*t + 308. Let p(x) = -x**2 + 6*x + 16. Let f(d) = -l(d) + 19*p(d). Let y = -24 - -12. Give f(y).
8
Let u(z) = -z**2 - 15*z + 4. Let r(p) = -3*p**2 - 22*p + 16. Let x(b) = -r(b) + 2*u(b). Determine x(-6).
76
Let t(j) = j**2 + 28*j + 14. Let c(i) = -7*i**2 - 167*i - 84. Let q(o) = 4*c(o) + 25*t(o). What is q(11)?
3
Let i = 92 - 91. Let r(h) = 5*h**2 + 2*h - 3. Suppose -k + 0*m + 7 = -5*m, 4*k + 5*m + 22 = 0. Let t(s) = s - 1. Let u(x) = k*t(x) + r(x). Determine u(i).
4
Let c(l) be the second derivative of -l**5/20 + 7*l**4/12 + 5*l**2/2 + l. Let g = -340 + 344. Suppose 3*o - i = 26, 41 = o + 2*o - g*i. Determine c(o).
5
Let f = 73 - 39. Let v = 40 - f. Let c(a) = a**3 - 8*a**2 + 7*a - 1. Give c(v).
-31
Let d(w) = -w**3 + 11*w**2 - 27*w + 14. Suppose -26 = -3*c + 83*j - 85*j, 2*j + 30 = 4*c. Give d(c).
-10
Let o(g) = -8*g**2 + 231*g - 208. Let y(a) = -3*a**2 + 83*a